u**2 + 13*u + 1. Let v be x(-13). What is the units digit of v - j - 3 - -30?
9
Suppose -t + 2*i + 2 - 3 = 0, 5*i = 5*t - 15. Let u be 0/5*(-3)/6. Suppose 2*m - t*m + 130 = u. What is the units digit of m?
6
Let u = 45 - 110. Let v = u + 120. What is the units digit of v?
5
Suppose 0 = -2*d - 19 - 13. Let v be ((-9)/(-6))/((-6)/d). Suppose 5*n + 238 = 3*a, -4*n - 185 = -v*a + 119. What is the units digit of a?
1
Let n = 103 - -330. What is the units digit of n?
3
Suppose -120*w = -114*w - 4842. What is the units digit of w?
7
Let a = 26 - 18. Let p = a - 4. Suppose -p*m + 15 = m. What is the units digit of m?
3
Let l = 500 + -33. What is the hundreds digit of l?
4
Let s(x) = -8*x - 1. Let l be s(1). Let m be -3 + (l*32)/(-4). Let b = -39 + m. What is the units digit of b?
0
Let d = 14 - 6. Let l be ((-21)/28)/((-1)/d). Let w(t) = -t**3 + 7*t**2 - 4*t + 9. What is the units digit of w(l)?
1
Suppose -2*n + 144 = -4*v, -306 = 4*n - 8*n + 2*v. What is the tens digit of n?
7
Let z = -70 + 134. Suppose -z = -3*o + 8. What is the tens digit of o?
2
Suppose q + 3*y - 2483 = 0, -9945 = -97*q + 93*q + y. What is the hundreds digit of q?
4
What is the hundreds digit of 1*(0 - (-2562)/6)?
4
Suppose 7*d = 8*d + 5*f + 33, -4*f + 78 = -5*d. What is the tens digit of ((-4)/36 - 5114/d) + -1?
8
Suppose 24893 = 10*l - 237. What is the units digit of l?
3
Suppose -z + 4*n = -0*z - 4998, 4*n - 4 = 0. What is the thousands digit of z?
5
Let f(v) = v + 11. Suppose 5*a = z - 0*z + 11, 2*z = -4*a - 8. Let p be f(z). Suppose 4*g + 4*m = 56, -p*g + 73 = 4*m + 7. What is the tens digit of g?
1
Suppose 0 = 2*q - 2 - 0. Let d(u) = -1 - 3*u - 7 - q. What is the units digit of d(-4)?
3
Suppose -2*j + 35 + 72 = -5*r, -242 = -5*j + 4*r. Suppose -w + j = -3*q, 0 = -4*w - 0*q - q + 210. What is the tens digit of w?
5
Let w(i) = 47*i + 790. What is the hundreds digit of w(-11)?
2
Suppose -54 = -y - 8*y. Let o(w) = 3*w - 15. What is the units digit of o(y)?
3
Suppose -4*x + 72 = -5*x. Let a = x - -151. Let k = a - 33. What is the tens digit of k?
4
Let w(j) = -2*j**3 - 25*j**2 - 15. Let v(t) = t**3 + 12*t**2 + 7. Let u be (3 - -2)/(25/30). Let g(z) = u*w(z) + 13*v(z). What is the units digit of g(-6)?
1
Let a be (-1 + -15)*(-27)/(-12). Suppose y + 61 = g, -g - y + 49 = 4*y. Let s = a + g. What is the units digit of s?
3
Let y be 85*(-5 + 36/5). Suppose -193 = -r + 2*a, 0 = -3*r + 2*r + 4*a + y. What is the hundreds digit of r?
1
Let n(t) = -2*t - 16. Let j be n(-12). Suppose 10*y = j*y + 246. What is the units digit of y?
3
Let y = 16551 - 11789. What is the thousands digit of y?
4
Suppose -229 = -a + 4*v, -v = -2*a - 4*v + 502. What is the units digit of a?
5
Let q = 3958 + -2355. What is the hundreds digit of q?
6
Let g(q) = 26*q - 25. Let p be g(4). Suppose -p = -14*f + 61. What is the tens digit of f?
1
Suppose 3*f - 3*a + 0 = -3, a - 17 = -3*f. Let r be 0*(4 - 14/f). Suppose 5*k - 2*k - 5*t = 105, 4*k - 3*t - 151 = r. What is the tens digit of k?
4
Suppose w = 5*d + 4, -4*d + 0*w + 3*w - 1 = 0. Let v be d*(-1 + -3)/4. Suppose 0 - v = -o - 2*y, -y + 11 = 4*o. What is the units digit of o?
3
Let r be (2/5)/(4/20). Suppose 5*l - 560 = -2*o, r*l - o - 352 = -119. What is the tens digit of l?
1
Let w = -34 + 14. Let l be 3 - (w - 0) - 1. Suppose l*x = 18*x + 132. What is the units digit of x?
3
Let c(j) be the third derivative of j**4/12 - j**3/6 + 7*j**2. Let q be c(9). Let y = 31 - q. What is the tens digit of y?
1
Let c(w) = -w**3 - 5*w**2 + 7*w + 8. Let f be c(-6). Let s be (-119)/(-21) - f/3. Suppose 0 = 2*m + s - 13. What is the units digit of m?
4
Suppose 7*z - 6*z + 1354 = r, 0 = r + z - 1358. What is the tens digit of r?
5
Let l = 19 + -16. Suppose 1 = r - l. Suppose -3*q = -3*x + 111, -x - 5*q + 145 = r*x. What is the units digit of x?
3
Suppose -c - 4*w + 1122 = -2*w, -5*w = -10. What is the hundreds digit of c?
1
Let d = -2829 - -6047. What is the tens digit of d?
1
Suppose a + 4*q = -0*a + 4, 4*a - 3*q = 16. Let l = 9 + -4. Let d = a + l. What is the units digit of d?
9
Let k be ((-3)/(-9))/(4 + 245/(-63)). Let y be 34/8 - 2/8. Suppose t = 2*l - 50, -k*l + 76 = l + y*t. What is the units digit of l?
3
Suppose 3*w + 12 = -5*k + 1075, -4*k - 3*w + 851 = 0. What is the hundreds digit of k?
2
Suppose 2*l = l + 11. Suppose 14 + l = -3*q + 4*n, 0 = -4*q + 5*n - 33. Let x = q + 17. What is the tens digit of x?
1
Suppose a - 4 = 0, f + 17 = -0*f + 2*a. Let v be 3/(-6*4/(-112)). Let p = v + f. What is the units digit of p?
5
Suppose 5*g + 2*q - 5803 - 8681 = 0, 5*q = -3*g + 8698. What is the hundreds digit of g?
8
Let z = 119 - 32. What is the tens digit of z?
8
Let o(y) = 12*y**2 + 22*y - 76. What is the units digit of o(-13)?
6
Suppose 9*z = 4*z + f - 2277, -4*z = 2*f + 1830. Let i = 642 + z. What is the tens digit of 12/9*i/8?
3
Let v = -93 + 242. Suppose 3*u + 29 = v. What is the units digit of u?
0
Let i = -61 + -7. Let r = 133 + i. Let h = -22 + r. What is the units digit of h?
3
Let o = 2379 - 790. What is the hundreds digit of o?
5
Let f be (-4)/(-12)*2 + 20/6. Suppose 172 = f*y - 60. What is the tens digit of y?
5
Let p(h) = 3*h**2 + 7*h + 10. Let i = -38 + 38. Suppose i = -w + 4*l + 3, 0*w - 4*l = w + 13. What is the units digit of p(w)?
0
Suppose 34*m - 46*m = -30864. What is the thousands digit of m?
2
Let z = -4 + 3. Let p = -58 + 59. What is the tens digit of (z/(p/(-17)))/1?
1
Suppose -2*j - 2*i = 26, 4*j + 38 = j - 4*i. Suppose -2*s = q + 2*s - 7, 0 = q - 3*s - 28. Let p = q - j. What is the tens digit of p?
3
What is the tens digit of (-1)/(-3) - (11 + 5574/(-18))?
9
Let y(b) = -20*b**3 + 5*b**2 + 2*b - 2. What is the units digit of y(-2)?
4
Let f = -377 + 407. What is the units digit of f?
0
Suppose 7 = -n - 8. Let w = n + 2. Let i = w + 31. What is the tens digit of i?
1
What is the units digit of (-6)/(4 + 114/(-27))?
7
Suppose -2*f + 5*v = -0*f - 35, -3*f = -2*v - 25. Suppose -3*k = 3*u, k + f*u + 6 = -6. Suppose k*h = -0*h + 69. What is the tens digit of h?
2
What is the thousands digit of 23/((-1150)/40) + (-11204)/(-5)?
2
What is the units digit of (2 - -2)*(-7 - -6) + 517?
3
Suppose -49*a = -38*a - 18524. What is the units digit of a?
4
Let s(o) = 21*o + 53. What is the units digit of s(12)?
5
Let q(f) = 7*f**3 - 299*f**2 - 50*f + 45. What is the thousands digit of q(43)?
1
Let b = 27 - 26. What is the tens digit of (9/(-18))/(b/2)*-23?
2
Suppose -5*d = 5*a - 640, -2*a + a + 3*d = -116. What is the units digit of a?
5
Let s(o) = -6*o + 4. Let a(m) = -1. Let d(c) = -5*a(c) - s(c). Let n be ((-25)/(-100))/((-2)/(-24)). What is the units digit of d(n)?
9
Suppose -2*q = -3*u + 7304, -38*u + 41*u - 3*q - 7308 = 0. What is the thousands digit of u?
2
Let n(b) = 2*b**2 + 1. Let h be n(-1). Suppose -394 = -h*u + 98. What is the hundreds digit of u?
1
What is the thousands digit of -6598*(76/8 + -10)?
3
Let t(s) be the third derivative of s**5/60 + s**4/24 + 8*s**3/3 - 5*s**2. Let u be 1/5 - 1/5. What is the tens digit of t(u)?
1
What is the hundreds digit of (-9853)/(-8) + 17/(-544)*-12?
2
Suppose 0*c - 24 = -2*x - 4*c, 3*x + 4 = 4*c. What is the tens digit of 414/x*100/75?
3
Suppose 3*m = 2*l + 5, -3*m = 2*m - 15. Let f = -45 + 54. Suppose -f = -l*s + s. What is the units digit of s?
9
What is the units digit of 61 - -32 - 2*2?
9
Suppose 5*u - n - n = -45, 0 = u + n + 16. Let g = -14 - u. What is the units digit of (6/9)/(g/(-9))?
2
Let o(c) = -c**3 - 11*c**2 - c - 8. Let l be (-112)/10 + 1/5. Let d be o(l). Suppose -92 = d*y - 7*y. What is the units digit of y?
3
Suppose 11 + 145 = 2*m. Suppose -m = -x - 6*y + 3*y, -2*x - y = -136. Let t = -4 + x. What is the tens digit of t?
6
Suppose 2*b = 5*h - 689, 3*h + b = 129 + 280. What is the tens digit of 1/(2/(-3 + h))?
6
Let a = 2789 - 1856. What is the units digit of a?
3
Suppose -73*a + 2111 = -94468. What is the thousands digit of a?
1
Let o = -7 + 19. Suppose 12*w - o = 8*w. Suppose -4*l = w*r - 14 + 4, 0 = 5*l - 4*r - 28. What is the units digit of l?
4
Suppose k = -3*k - 100. Let g(w) = 5*w**2 + 6*w - 2. Let q be g(-5). Let f = q + k. What is the units digit of f?
8
Suppose 0 = -5*y + 2 + 8. Suppose 3*a - 136 = t, y*a - 4*t - 88 = -2*t. What is the units digit of a?
6
Let r be (-3)/(-1) - (-3 - -4). L